ainder when 3456381 is divided by 284?
101
What is the remainder when 259294 is divided by 43208?
46
Calculate the remainder when 2038073 is divided by 264.
257
Calculate the remainder when 1852250 is divided by 2117.
1992
Calculate the remainder when 669627 is divided by 170.
167
Calculate the remainder when 104709569 is divided by 54908.
13
Calculate the remainder when 228715 is divided by 882.
277
What is the remainder when 18462839 is divided by 33?
32
Calculate the remainder when 1778897 is divided by 889448.
1
What is the remainder when 43851 is divided by 740?
191
Calculate the remainder when 2535207 is divided by 2534974.
233
What is the remainder when 984385 is divided by 330?
325
What is the remainder when 615102 is divided by 27959?
4
What is the remainder when 2066285 is divided by 1665?
20
What is the remainder when 4256299 is divided by 1064073?
7
What is the remainder when 685527 is divided by 155?
117
What is the remainder when 2258810 is divided by 5?
0
What is the remainder when 10331 is divided by 5101?
129
Calculate the remainder when 323937 is divided by 1.
0
Calculate the remainder when 12852889 is divided by 3213192.
121
Calculate the remainder when 220139 is divided by 109489.
1161
What is the remainder when 28373989 is divided by 245?
49
What is the remainder when 21010770 is divided by 2101076?
10
What is the remainder when 5161618 is divided by 20?
18
What is the remainder when 2277633 is divided by 48460?
13
Calculate the remainder when 1997624 is divided by 5096.
5088
Calculate the remainder when 12161822 is divided by 6080901.
20
What is the remainder when 468922 is divided by 276?
274
What is the remainder when 1150719 is divided by 64?
63
Calculate the remainder when 76107 is divided by 17973.
4215
Calculate the remainder when 156036257 is divided by 42.
41
What is the remainder when 153466888 is divided by 4821?
4816
What is the remainder when 613531 is divided by 94?
87
Calculate the remainder when 195996 is divided by 12863.
3051
What is the remainder when 809351 is divided by 5625?
4976
Calculate the remainder when 50889242 is divided by 16963058.
68
Calculate the remainder when 2593882 is divided by 40526.
218
Calculate the remainder when 2081284 is divided by 1211.
786
Calculate the remainder when 182114 is divided by 60680.
74
What is the remainder when 16121079 is divided by 1343423?
3
What is the remainder when 1593958 is divided by 39848?
38
What is the remainder when 9470 is divided by 1351?
13
What is the remainder when 184051551 is divided by 13?
8
What is the remainder when 324987 is divided by 2057?
2038
Calculate the remainder when 4842081 is divided by 58337.
110
Calculate the remainder when 6305965 is divided by 330.
325
What is the remainder when 776 is divided by 196?
188
What is the remainder when 344076 is divided by 6256?
6252
What is the remainder when 12474729 is divided by 122?
107
Calculate the remainder when 119506 is divided by 603.
112
What is the remainder when 117111022 is divided by 799?
793
What is the remainder when 5489927 is divided by 20?
7
What is the remainder when 7367369 is divided by 2288?
9
Calculate the remainder when 146144804 is divided by 31.
16
Calculate the remainder when 16157733 is divided by 605.
603
What is the remainder when 972874 is divided by 486378?
118
Calculate the remainder when 17345499 is divided by 113.
112
What is the remainder when 3614038 is divided by 2522?
12
Calculate the remainder when 245254 is divided by 3504.
3478
Calculate the remainder when 183074416 is divided by 909.
907
Calculate the remainder when 1264663 is divided by 71.
11
What is the remainder when 812905 is divided by 188?
181
What is the remainder when 795705 is divided by 470?
465
Calculate the remainder when 13407 is divided by 6619.
169
What is the remainder when 2937758 is divided by 1295?
698
Calculate the remainder when 1120016 is divided by 101818.
18
Calculate the remainder when 3468600 is divided by 7.
2
What is the remainder when 207232 is divided by 867?
19
What is the remainder when 24082751 is divided by 24082632?
119
Calculate the remainder when 794273602 is divided by 41.
36
Calculate the remainder when 162048 is divided by 1740.
228
Calculate the remainder when 35549033 is divided by 1295.
1283
Calculate the remainder when 13785464 is divided by 205753.
13
Calculate the remainder when 728583 is divided by 560.
23
What is the remainder when 10043414 is divided by 173160?
134
Calculate the remainder when 118377191 is divided by 12.
11
What is the remainder when 881953 is divided by 220465?
93
Calculate the remainder when 67845 is divided by 76.
53
Calculate the remainder when 921156 is divided by 226.
206
What is the remainder when 15469035 is divided by 280?
155
Calculate the remainder when 4922803 is divided by 611.
587
Calculate the remainder when 1548566 is divided by 404.
34
Calculate the remainder when 1538580 is divided by 219713.
589
Calculate the remainder when 1374149 is divided by 100.
49
Calculate the remainder when 894027 is divided by 344.
315
What is the remainder when 151742906 is divided by 165?
161
What is the remainder when 8459667 is divided by 148415?
12
What is the remainder when 43611 is divided by 277?
122
Calculate the remainder when 39757 is divided by 5678.
11
What is the remainder when 12423424 is divided by 1911?
13
Calculate the remainder when 435192 is divided by 61997.
1213
Calculate the remainder when 6287053 is divided by 15.
13
Calculate the remainder when 2240034990 is divided by 21.
18
Calculate the remainder when 260919 is divided by 78.
9
What is the remainder when 683697 is divided by 1117?
93
What is the remainder when 60292 is divided by 5481?
1
Calculate the remainder when 101826401 is divided by 33942133.
2
What is the remainder when 3511837 is divided by 461?
400
What is the remainder when 16489543 is divided by 8244757?
29
Calculate the remainder when 96785 is divided by 96703.
82
Calculate the remainder when 2125591 is divided by 35.
6
Calculate the remainder when 6744439 is divided by 1686108.
7
What is the remainder when 78070 is divided by 3882?
430
Calculate the remainder when 12710373 is divided by 60815.
38
What is the remainder when 12562005 is divided by 693?
687
Calculate the remainder when 123649 is divided by 123186.
463
Calculate the remainder when 10019942 is divided by 680.
142
Calculate the remainder when 7840103 is divided by 59847.
146
What is the remainder when 19139638 is divided by 72?
22
What is the remainder when 1360870 is divided by 383?
71
What is the remainder when 3171207 is divided by 352355?
12
What is the remainder when 146820 is divided by 1760?
740
What is the remainder when 153280 is divided by 2221?
31
What is the remainder when 1711224 is divided by 855603?
18
Calculate the remainder when 2591595 is divided by 55140.
15
Calculate the remainder when 50648967 is divided by 3373.
3372
What is the remainder when 233561294 is divided by 739118?
6
What is the remainder when 1076039 is divided by 243?
35
What is the remainder when 43891722 is divided by 8431?
8367
Calculate the remainder when 2654677 is divided by 18059.
4
Calculate the remainder when 16979 is divided by 566.
565
Calculate the remainder when 273480 is divided by 805.
585
What is the remainder when 1159098134 is divided by 5866?
5864
What is the remainder when 11042337 is divided by 60?
57
Calculate the remainder when 4559122 is divided by 227924.
642
Calculate the remainder when 5614782 is divided by 277.
269
Calculate the remainder when 15661831 is divided by 18.
13
Calculate the remainder when 149797216 is divided by 25.
16
Calculate the remainder when 270780 is divided by 90102.
474
What is the remainder when 586298 is divided by 894?
728
What is the remainder when 4638245 is divided by 97?
93
Calculate the remainder when 62086257 is divided by 38.
33
Calculate the remainder when 51633993 is divided by 3037293.
12
Calculate the remainder when 235699 is divided by 4283.
134
What is the remainder when 288015420 is divided by 422?
420
What is the remainder when 98052156 is divided by 5447341?
18
Calculate the remainder when 153572504 is divided by 4619.
4611
What is the remainder when 1847521 is divided by 615708?
397